f 92506?
0
What is the thousands digit of 1150315?
0
What is the units digit of 737065?
5
What is the hundreds digit of 200794?
7
What is the hundreds digit of 269839?
8
What is the ten thousands digit of 1291379?
9
What is the ten thousands digit of 102082?
0
What is the thousands digit of 7510709?
0
What is the tens digit of 25780458?
5
What is the hundreds digit of 50741?
7
What is the hundreds digit of 394566?
5
What is the hundred thousands digit of 13108817?
1
What is the thousands digit of 1184203?
4
What is the millions digit of 1185957?
1
What is the units digit of 368493?
3
What is the hundred thousands digit of 13426756?
4
What is the tens digit of 19499743?
4
What is the ten thousands digit of 16322326?
2
What is the hundreds digit of 192841?
8
What is the tens digit of 857986?
8
What is the ten thousands digit of 1609375?
0
What is the hundreds digit of 439420?
4
What is the units digit of 303670?
0
What is the hundreds digit of 6713471?
4
What is the hundreds digit of 465938?
9
What is the hundred thousands digit of 2402155?
4
What is the tens digit of 848070?
7
What is the millions digit of 5754833?
5
What is the thousands digit of 3322883?
2
What is the units digit of 717139?
9
What is the ten thousands digit of 498239?
9
What is the hundreds digit of 59907?
9
What is the hundreds digit of 132524?
5
What is the hundreds digit of 32668?
6
What is the ten thousands digit of 240249?
4
What is the tens digit of 8563?
6
What is the tens digit of 16320826?
2
What is the ten thousands digit of 467293?
6
What is the tens digit of 349825?
2
What is the hundreds digit of 5049990?
9
What is the millions digit of 9286078?
9
What is the ten thousands digit of 1001424?
0
What is the units digit of 9679360?
0
What is the units digit of 4165694?
4
What is the thousands digit of 1974206?
4
What is the units digit of 214938?
8
What is the tens digit of 706789?
8
What is the units digit of 2470586?
6
What is the hundreds digit of 2382167?
1
What is the millions digit of 1521437?
1
What is the thousands digit of 163041?
3
What is the ten thousands digit of 14089842?
8
What is the hundred thousands digit of 2049053?
0
What is the millions digit of 8624583?
8
What is the hundred thousands digit of 4064484?
0
What is the tens digit of 765756?
5
What is the ten thousands digit of 186418?
8
What is the millions digit of 2077432?
2
What is the tens digit of 5448220?
2
What is the hundreds digit of 2536807?
8
What is the millions digit of 3039249?
3
What is the hundreds digit of 279942?
9
What is the tens digit of 595989?
8
What is the hundreds digit of 10373171?
1
What is the hundreds digit of 1122251?
2
What is the units digit of 3241213?
3
What is the units digit of 17790?
0
What is the thousands digit of 88382?
8
What is the thousands digit of 1140987?
0
What is the hundreds digit of 333929?
9
What is the hundred thousands digit of 836730?
8
What is the tens digit of 7562326?
2
What is the millions digit of 1392968?
1
What is the millions digit of 2379479?
2
What is the hundred thousands digit of 1423160?
4
What is the hundreds digit of 1138156?
1
What is the thousands digit of 2634853?
4
What is the hundreds digit of 1126654?
6
What is the hundreds digit of 429365?
3
What is the ten thousands digit of 90469?
9
What is the thousands digit of 123671?
3
What is the hundreds digit of 1738766?
7
What is the units digit of 18139404?
4
What is the ten thousands digit of 5506722?
0
What is the hundred thousands digit of 422547?
4
What is the tens digit of 367877?
7
What is the thousands digit of 8698206?
8
What is the hundred thousands digit of 430548?
4
What is the hundreds digit of 3578527?
5
What is the tens digit of 2521088?
8
What is the ten thousands digit of 507821?
0
What is the tens digit of 16102410?
1
What is the ten thousands digit of 168311?
6
What is the hundred thousands digit of 236297?
2
What is the tens digit of 5359921?
2
What is the units digit of 8521186?
6
What is the ten thousands digit of 6607059?
0
What is the thousands digit of 958911?
8
What is the hundreds digit of 627555?
5
What is the ten thousands digit of 4277246?
7
What is the millions digit of 2851258?
2
What is the hundred thousands digit of 1188946?
1
What is the units digit of 5156271?
1
What is the hundreds digit of 3462519?
5
What is the hundreds digit of 410634?
6
What is the ten thousands digit of 1927831?
2
What is the hundreds digit of 7327290?
2
What is the tens digit of 3458777?
7
What is the hundreds digit of 288381?
3
What is the tens digit of 165929?
2
What is the tens digit of 272754?
5
What is the hundreds digit of 2581670?
6
What is the hundred thousands digit of 1040585?
0
What is the millions digit of 2203377?
2
What is the hundred thousands digit of 207903?
2
What is the thousands digit of 60786?
0
What is the ten thousands digit of 1500284?
0
What is the hundreds digit of 197194?
1
What is the hundred thousands digit of 110091?
1
What is the hundreds digit of 215656?
6
What is the units digit of 3705445?
5
What is the tens digit of 88610?
1
What is the hundreds digit of 359914?
9
What is the hundred thousands digit of 785035?
7
What is the tens digit of 2961006?
0
What is the ten millions digit of 16812858?
1
What is the millions digit of 31348802?
1
What is the ten thousands digit of 124983?
2
What is the ten thousands digit of 278108?
7
What is the hundred thousands digit of 147158?
1
What is the thousands digit of 28988730?
8
What is the units digit of 3955589?
9
What is the tens digit of 85391?
9
What is the hundreds digit of 532766?
7
What is the hundreds digit of 9390284?
2
What is the hundred thousands digit of 300192?
3
What is the thousands digit of 2405562?
5
What is the hundreds digit of 569829?
8
What is the tens digit of 499102?
0
What is the millions digit of 1403626?
1
What is the tens digit of 837310?
1
What is the ten thousands digit of 1356279?
5
What is the thousands digit of 1348744?
8
What is the ten thousands digit of 12875?
1
What is the hundreds digit of 371435?
4
What is the thousands digit of 343699?
3
What is the units digit of 112901?
1
What is the thousands digit of 1978753?
8
What is the units digit of 13328923?
3
What is the thousands digit of 6166043?
6
What is the ten thousands digit of 28964373?
6
What is the tens digit of 5156224?
2
What is the ten thousands digit of 100850?
0
What is the thousands digit of 1476487?
6
What is the thousands digit of 2943974?
3
What is the tens digit of 83187?
8
What is the tens digit of 2837571?
7
What is the ten thousands digit of 2773524?
7
What is the thousands digit of 574071?
4
What is the tens digit of 339772?
7
What is the units digit of 9124069?
9
What is the units digit of 790172?
2
What is the millions digit of 1948671?
1
What is the tens digit of 19460009?
0
What is the hundred thousands digit of 3842448?
8
What is the hundred thousands digit of 250406?
2
What is the ten thousands digit of 239748?
3
What is the hundred thousands digit of 323363?
3
What is the units digit of 28856?
6
What is the ten thousands digit of 473550?
7
What is the ten thousands digit of 8305568?
0
What is the tens digit of 12297688?
8
What is the units digit of 2411921?
1
What is the thousands digit of 375611?
5
What is the thousands digit of 244506?
4
What is the units digit of 4327616?
6
What is the ten thousands digit of 462937?
6
What is the hundreds digit of 264628?
6
What is the hundreds digit of 4735358?
3
What is the tens digit of 428865?
6
What is the ten thousands digit of 258507?
5
What is the tens digit of 757837?
3
What is the units digit of 52109?
9
What is the ten thousands digit of 6692188?
9
What is the ten thousands digit of 28771?
2
What is the tens digit of 251205?
0
What is the hundreds digit of 3079611?
6
What is the hundreds digit of 67088?
0
What is the hundreds digit of 492233?
2
What is the ten thousands digit of 20676018?
7
What is the thousands digit of 62279?
2
What is the thousands digit of 3568397?
8
What is the hundreds digit of 16965253?
2
What is the millions digit of 3410379?
3
What is the hundreds digit of 6030000?
0
What is the hundreds digit of 4248211?
2
What is the hundreds digit of 4452479?
4
What is the thousands digit of 208207?
8
What is the tens digit 